e hundred millions digit of 353541052?
3
What is the ten millions digit of 60190231?
6
What is the ten millions digit of 3006002292?
0
What is the ten millions digit of 100352485?
0
What is the hundred millions digit of 107388031?
1
What is the millions digit of 1840249463?
0
What is the ten thousands digit of 104574646?
7
What is the millions digit of 75975316?
5
What is the ten millions digit of 43094868?
4
What is the thousands digit of 515406152?
6
What is the hundreds digit of 61676289?
2
What is the units digit of 46647217?
7
What is the hundreds digit of 8757499?
4
What is the units digit of 890272447?
7
What is the hundreds digit of 367762257?
2
What is the ten thousands digit of 3924829023?
2
What is the millions digit of 195989259?
5
What is the millions digit of 25073276?
5
What is the tens digit of 95334131?
3
What is the ten thousands digit of 134507542?
0
What is the ten millions digit of 125360599?
2
What is the hundreds digit of 518206529?
5
What is the hundreds digit of 368012847?
8
What is the ten millions digit of 824049592?
2
What is the tens digit of 42737540?
4
What is the ten millions digit of 52162496?
5
What is the thousands digit of 927632183?
2
What is the units digit of 1924241851?
1
What is the units digit of 63532437?
7
What is the thousands digit of 50553975?
3
What is the tens digit of 52104128?
2
What is the units digit of 4717784138?
8
What is the ten thousands digit of 17121622?
2
What is the ten thousands digit of 13204419?
0
What is the hundreds digit of 54435040?
0
What is the ten thousands digit of 23328382?
2
What is the hundred thousands digit of 34671985?
6
What is the millions digit of 4183395390?
3
What is the thousands digit of 201314224?
4
What is the thousands digit of 162626022?
6
What is the millions digit of 680787143?
0
What is the hundred thousands digit of 135013377?
0
What is the thousands digit of 134257444?
7
What is the ten millions digit of 303930762?
0
What is the hundreds digit of 902115373?
3
What is the thousands digit of 209532553?
2
What is the units digit of 102526900?
0
What is the ten millions digit of 1982068965?
8
What is the millions digit of 999325611?
9
What is the units digit of 7519123057?
7
What is the billions digit of 2882851039?
2
What is the hundred millions digit of 235920909?
2
What is the hundred millions digit of 4897287376?
8
What is the tens digit of 124959115?
1
What is the units digit of 29944256?
6
What is the hundred thousands digit of 67828898?
8
What is the thousands digit of 36194029?
4
What is the hundred thousands digit of 1280788450?
7
What is the hundreds digit of 89386503?
5
What is the hundred thousands digit of 108644163?
6
What is the units digit of 378770429?
9
What is the tens digit of 3070951003?
0
What is the hundred thousands digit of 430449607?
4
What is the ten thousands digit of 11020746?
2
What is the units digit of 1467274332?
2
What is the hundred thousands digit of 579400627?
4
What is the ten millions digit of 933072802?
3
What is the hundreds digit of 116267802?
8
What is the thousands digit of 144235078?
5
What is the hundred thousands digit of 45161374?
1
What is the hundreds digit of 95043098?
0
What is the ten millions digit of 802086255?
0
What is the units digit of 1343969527?
7
What is the hundred thousands digit of 1476394608?
3
What is the hundreds digit of 30680980?
9
What is the millions digit of 188667645?
8
What is the hundreds digit of 41592359?
3
What is the hundred millions digit of 110322125?
1
What is the hundred thousands digit of 662243085?
2
What is the hundreds digit of 92778084?
0
What is the thousands digit of 96888693?
8
What is the hundred thousands digit of 2044505905?
5
What is the hundreds digit of 880675953?
9
What is the millions digit of 309983532?
9
What is the units digit of 26927124?
4
What is the ten millions digit of 771735201?
7
What is the units digit of 137122029?
9
What is the ten millions digit of 712462710?
1
What is the hundred thousands digit of 38852391?
8
What is the ten thousands digit of 52690592?
9
What is the tens digit of 312010455?
5
What is the hundred thousands digit of 312196099?
1
What is the units digit of 483402958?
8
What is the tens digit of 55415714?
1
What is the ten millions digit of 102452640?
0
What is the hundred thousands digit of 23432676?
4
What is the millions digit of 415757462?
5
What is the ten thousands digit of 20134247?
3
What is the units digit of 695252997?
7
What is the hundred millions digit of 499128736?
4
What is the tens digit of 285482415?
1
What is the millions digit of 3894131?
3
What is the hundred thousands digit of 380233220?
2
What is the tens digit of 1356731513?
1
What is the tens digit of 627346688?
8
What is the thousands digit of 4681041?
1
What is the hundreds digit of 982274541?
5
What is the ten thousands digit of 30648677?
4
What is the tens digit of 4233504205?
0
What is the thousands digit of 596650945?
0
What is the hundred thousands digit of 303364529?
3
What is the hundreds digit of 19373048?
0
What is the ten thousands digit of 347643179?
4
What is the hundred thousands digit of 65752256?
7
What is the hundred millions digit of 271608607?
2
What is the units digit of 731433952?
2
What is the hundreds digit of 186670592?
5
What is the ten thousands digit of 47558727?
5
What is the thousands digit of 8152263463?
3
What is the millions digit of 447874607?
7
What is the tens digit of 367707757?
5
What is the hundreds digit of 640201341?
3
What is the millions digit of 27371896?
7
What is the millions digit of 250223262?
0
What is the units digit of 41261006?
6
What is the hundreds digit of 50268125?
1
What is the millions digit of 79335535?
9
What is the thousands digit of 1224502971?
2
What is the units digit of 16844477?
7
What is the ten millions digit of 387715168?
8
What is the hundred thousands digit of 635493991?
4
What is the millions digit of 16318470?
6
What is the ten thousands digit of 3957421?
5
What is the billions digit of 1248737650?
1
What is the ten millions digit of 124496434?
2
What is the hundred millions digit of 1383328604?
3
What is the hundred millions digit of 373361405?
3
What is the hundred thousands digit of 780615184?
6
What is the hundred thousands digit of 51422198?
4
What is the ten millions digit of 1339634834?
3
What is the hundreds digit of 8227634?
6
What is the hundred thousands digit of 43850609?
8
What is the hundred thousands digit of 199694451?
6
What is the tens digit of 997326829?
2
What is the hundred thousands digit of 4609695149?
6
What is the hundred thousands digit of 110129672?
1
What is the hundreds digit of 395611542?
5
What is the thousands digit of 2192179452?
9
What is the ten thousands digit of 171951584?
5
What is the tens digit of 60110882?
8
What is the thousands digit of 196039792?
9
What is the hundred millions digit of 1024231751?
0
What is the ten thousands digit of 219131943?
3
What is the ten thousands digit of 843512690?
1
What is the tens digit of 3818684220?
2
What is the millions digit of 76862624?
6
What is the hundred thousands digit of 3980133479?
1
What is the ten thousands digit of 40211612?
1
What is the thousands digit of 21125975?
5
What is the ten millions digit of 2947722934?
4
What is the tens digit of 176640100?
0
What is the thousands digit of 1048635421?
5
What is the ten thousands digit of 2544233367?
3
What is the units digit of 27995954?
4
What is the units digit of 90528398?
8
What is the units digit of 16714437?
7
What is the hundred thousands digit of 335388063?
3
What is the units digit of 344121674?
4
What is the millions digit of 580172324?
0
What is the millions digit of 3539055052?
9
What is the ten thousands digit of 131268522?
6
What is the units digit of 4976854128?
8
What is the hundreds digit of 26466893?
8
What is the ten thousands digit of 354976388?
7
What is the ten thousands digit of 73470075?
7
What is the thousands digit of 77357222?
7
What is the ten millions digit of 839318923?
3
What is the tens digit of 141174912?
1
What is the hundred millions digit of 1033854387?
0
What is the thousands digit of 750383682?
3
What is the ten millions digit of 514045155?
1
What is the units digit of 87649252?
2
What is the units digit 